 4*r - 5*j = 16440. What is the tens digit of r?
1
Let n = -3 + -22. Let o = 29 + n. Suppose o*w + 85 = 3*u, -6*u + 3*w = -3*u - 84. What is the units digit of u?
7
Let c be 470/(-15)*12/(-4). Let p = 179 + c. What is the units digit of p?
3
Let z = -2 - -6. Let c be ((98/z)/7)/((-2)/(-52)). Let a = 202 - c. What is the units digit of a?
1
Let a(r) = -r - 15. Let w be 7*(-4 + 1) + -1. Let s be a(w). Suppose -2*u + s*u - 177 = -3*g, -2*g + 2*u = -134. What is the units digit of g?
4
Let z be (-5 - -2) + 16/4 + -7. Let a(p) = p**2 + 4*p - 12. Let j be a(z). Suppose j = s - 4*d - 124, 6*d - 2*d = 4. What is the units digit of s?
8
Let c be ((-7216)/(-12))/((-4)/(-6)). Suppose c = 2*v - 9*f + 5*f, -2*f = 4*v - 1824. What is the hundreds digit of v?
4
Let o(r) = 158*r**3 + 16*r**2 - 12*r - 6. What is the hundreds digit of o(3)?
3
Let z be (10*-4 + -2)*-1. Let n = 10 - z. What is the units digit of n/48 + 940/6?
6
Let z(y) be the second derivative of y**4/6 + 2*y**3/3 - 5*y**2 - 92*y. Let t be (7/(-2))/((-5)/10). What is the units digit of z(t)?
6
Let f be 28/35 - (-38)/(-10). Let c be (69/(-18) - f)/(1/(-6)). Suppose -n - 49 = 5*u - 491, 0 = c*u - 3*n - 454. What is the tens digit of u?
8
Let i be 120/18 + 5/15. Suppose i*f + 444 = -4568. Let s = -499 - f. What is the units digit of s?
7
Suppose -7*c + 9*c = -5*x + 11006, 2*c - x = 11042. What is the tens digit of c?
1
Suppose 2*d + 3*d - 5*u - 435 = 0, u = -d + 81. Let k = d - 76. Suppose 0 = 3*g + k*g - 1595. What is the hundreds digit of g?
1
Let g(i) = i**3 - 95*i**2 + 214*i - 1460. What is the tens digit of g(97)?
1
Let z = 33 + -33. Let t be (-142)/(-2) - -2*1. Suppose -2*v - 3*k = -t, z*v = -2*v + 5*k + 81. What is the units digit of v?
8
What is the ten thousands digit of (392/(-35))/(8/(-13190))?
1
Let z = -3927 - -5021. What is the thousands digit of z?
1
Suppose -7*h - 219 + 296 = 0. Suppose -h*x = -8*x - 15. What is the units digit of x?
5
Let h be -66 + 62 + 4*273. Suppose 0 = 2*b - 10, 0 = -2*r + 71*b - 75*b + h. What is the hundreds digit of r?
5
Suppose -22*b + 31*b = 180. Let n = 49 + b. What is the tens digit of n?
6
Suppose 454*d = 457*d - 417. Suppose -5*s + s + 2*g + 586 = 0, -s = -2*g - d. What is the hundreds digit of s?
1
Suppose 2*w - 2*c + 66 = 0, 0 = -2*w - 5*c - 49 + 4. Let o = w - -59. Suppose -31*i + 520 = -o*i. What is the hundreds digit of i?
2
Let q(j) = -684*j - 4119. What is the tens digit of q(-7)?
6
Let t(k) = 2571*k**3 + 3*k**2 - 23*k + 42. What is the tens digit of t(2)?
7
Let b(x) = 2*x - 25. Let r be -23 + (12/4 - 5). Let a be b(r). Let w = -6 - a. What is the tens digit of w?
6
Let v be 3/18 + (-445)/(-30). Let q be (27/v - 4/(-20))*298. Suppose -124 = 8*f - q. What is the tens digit of f?
5
Suppose 2*n - 4*s - 14 = n, 2*n - 25 = 5*s. Suppose -n*j + 4767 = -3583. What is the hundreds digit of j?
8
Let a = 127 + -125. Let f(c) = 42*c**2 - 11 + 5*c + 5 - c**a. What is the units digit of f(2)?
8
Let b = -14450 + 32179. What is the ten thousands digit of b?
1
Suppose -550964 = -139*i + 352278 - 222003. What is the tens digit of i?
0
Suppose 0*m - 1064 = -4*m - 2*v, 6*m - 1580 = v. What is the units digit of m?
4
Let i(y) = 86*y**3 + 14*y**2 + 22*y - 71. What is the thousands digit of i(6)?
9
Let n be (13/3)/(43/774). Suppose 0 = 2*a - 7*w + 4*w - n, -2*w + 188 = 4*a. What is the tens digit of a?
4
Let x(g) = 343*g - 3107. What is the thousands digit of x(76)?
2
Let p be 4/(16/(-118))*-26. Let c = p + -457. Let a = c + -180. What is the units digit of a?
0
Let b(x) be the second derivative of -x**5/20 - 5*x**4/12 - x**3/3 + x**2/2 + 6*x - 43. Suppose 3*j - 25 = 8*j. What is the tens digit of b(j)?
1
Let n(m) = 26*m + 77. Suppose -6*x - 285 = -21*x. What is the tens digit of n(x)?
7
Let d(m) = 941*m**2 + 114*m + 628. What is the hundreds digit of d(-6)?
8
Let z = -58 - -58. Suppose -278 - 304 = -4*f + 2*y, z = 5*f + y - 738. What is the tens digit of (-1 - -3)*(f/2 + 2)?
5
Let p(g) = -2*g - 18. Let z be p(-6). Let q be z - (-2 - -3)*3. What is the tens digit of (-52)/(-13) - (-1 + q)?
1
Suppose 6*t - 5373 = -5*h, -3*t - h + 2170 = -512. What is the tens digit of t?
9
Let r(m) = -3*m**3 + 15*m**2 - m + 5. Let a be r(-11). Let l = a - 4157. What is the units digit of l?
7
Suppose -165*q - 22698 = -191*q. What is the tens digit of q?
7
Let j be 54/162*3*1. What is the tens digit of 646 + 2*(-2 + 0/j)?
4
Let b be ((-3)/(-3) + -2)*0. Suppose -4*x + 5*c - 122 = b, -2*x - c = 2*c + 72. Let n = x - -45. What is the tens digit of n?
1
Suppose -4*v + 2*w = -14, 3*w + 11 - 30 = -4*v. Suppose -v*h - 3*a + 149 + 29 = 0, -4*h + 176 = 4*a. Suppose -3*p + h = -p. What is the units digit of p?
3
Suppose 0 = 16*b - 11*b - 40. Suppose 0 = -b*t + 16*t - 3512. What is the units digit of t?
9
Suppose 0 = 2*a + 2*a - 2*h - 22, -5*a = -5*h - 30. Suppose 5*q + a = -2*g - 0, 15 = g - q. What is the units digit of (89/6)/(g/60)?
9
Let z(t) = -5*t + 12. Let g be z(6). Let f be ((-18)/54)/(0 + 2/g). Suppose 4*y - 25 - f = 0. What is the units digit of y?
7
Suppose 0 = -36*k + 42*k - 60114. Suppose 3*t + k = 46*t. What is the units digit of t?
3
Suppose 0 = -10*i + 14*i - 656. Suppose -i*s + 170*s - 1218 = 0. What is the hundreds digit of s?
2
Suppose -75649 = -2*c + n, 2*c - 86205 = 2*n - 10549. What is the hundreds digit of c?
8
Let g = 101 + -56. Suppose g = 7*x + 2*x. Suppose -3*q + 16 = q, m - x*q - 77 = 0. What is the units digit of m?
7
Suppose -10*p - g + 13432 = -8*p, 2*p - 4*g - 13442 = 0. What is the tens digit of p?
1
Let g(p) = 47*p + 13. Let s be g(9). Suppose 0 = -u - s - 43. Let c = -328 - u. What is the hundreds digit of c?
1
What is the thousands digit of (-1 + 0)*(-24)/(-48)*-23420?
1
Let y = -4 - -6. Let z(t) = 2 + 4*t - 14*t + y - 22*t. What is the units digit of z(-2)?
8
Suppose -3*j - j - 36 = -5*k, 0 = 4*k + 2*j - 34. Let p be (k - -412) + 0*1/(-2). Suppose 232 = 2*m + m - w, 5*m + 5*w - p = 0. What is the units digit of m?
9
Suppose -21569 = -y - 4*q, 2*q - 107881 = -80*y + 75*y. What is the ten thousands digit of y?
2
Let q(r) = -514*r - 353. What is the hundreds digit of q(-1)?
1
Suppose -3*w = -d + 25976, 5*d = -w + 168107 - 38339. What is the tens digit of d?
5
Let v(b) = 1199*b**2 - 22*b + 10. What is the hundreds digit of v(2)?
7
Let g = 28058 + -16253. What is the tens digit of g?
0
Let u be (-6 - -6)/(1*-1*1). Suppose 6*p - p + 5*r - 65 = u, 3*p = -4*r + 36. Suppose -74*t - p = -76*t. What is the units digit of t?
8
Let g(z) = 123*z**2 + 149*z - 976. What is the hundreds digit of g(7)?
0
Let a = -17146 - -28532. What is the tens digit of a?
8
Suppose 27*n + 12 = 31*n. Suppose 0 = 4*f - 3*h - 1552, -157 = -f - n*h + 216. What is the units digit of f?
5
Let v(u) = 3*u - 98. Let w be v(33). What is the hundreds digit of (-3 + w/2)*1284/(-10)?
3
Suppose c = -2*v + v + 1, 5*c = -15. Suppose 5*n = -3*i + 531, -80 - 90 = -i - v*n. What is the hundreds digit of i?
1
What is the hundreds digit of (-22382)/(-20) - (-149)/(-1490)?
1
Let j(k) = k**3 + 22*k**2 + 4*k - 33. Let h(i) = -2*i**3 - 43*i**2 - 7*i + 66. Let m(q) = -3*h(q) - 5*j(q). What is the tens digit of m(-18)?
7
Suppose -58152 = -6*p - 18*p. What is the thousands digit of p?
2
Let f = 293 - 271. Suppose -f*w + 8619 = -9*w. What is the hundreds digit of w?
6
Let s be 2 - 4 - 6/(-1). Suppose -3*l = 5*g - 38, 5*g = -s*l + 69 - 25. Suppose 252 = -2*c + l*c. What is the units digit of c?
3
Suppose -35*v + 30*v = -3585. Let y = v + -424. What is the hundreds digit of y?
2
Let k(b) = 5*b**2 + 165*b - 158. What is the hundreds digit of k(-74)?
0
Let v = -24861 - -42201. Suppose -v = 56*z - 74404. What is the tens digit of z?
1
Suppose -5*i - 189352 - 45837 = -3*p, -3*i = -3*p + 235185. What is the units digit of p?
3
Suppose 83*h = 2269218 + 47727. What is the thousands digit of h?
7
Suppose 26*d + 28 = -128. What is the tens digit of 124 - ((-36)/3)/d?
2
Let d(t) = 1380*t - 2181. What is the hundreds digit of d(14)?
1
What is the thousands digit of -2*(5 - (-59765)/(-25)*5/2)?
1
Let j(v) = -2379*v - 254. What is the tens digit of j(-7)?
9
Let b(a) = -132 - 8 - 690*a + 655*a. What is the hundreds digit of b(-20)?
5
Let u(a) = 9 + 2*a + 28 + 6. Let b be u(-20). What is the units digit of (-2)/4*-62 + b?
4
What is